{"id":2,"date":"2011-02-22T20:39:13","date_gmt":"2011-02-22T20:39:13","guid":{"rendered":"http:\/\/jardinsetbassins.com\/cms\/?page_id=2"},"modified":"2014-12-23T12:24:35","modified_gmt":"2014-12-23T11:24:35","slug":"a-propos","status":"publish","type":"page","link":"http:\/\/jardinsetbassins.com\/cms\/","title":{"rendered":"Bienvenue"},"content":{"rendered":"<div class=\"su-row\"><div class=\"su-column su-column-size-1-3\"><div class=\"su-column-inner su-u-clearfix su-u-trim\">\n<div class=\"su-service\"><div class=\"su-service-title\" style=\"padding-left:78px;min-height:64px;line-height:64px\"><i class=\"sui sui-leaf\" style=\"font-size:64px;color:#31462a\"><\/i> Bienvenue<\/div><div class=\"su-service-content su-u-clearfix su-u-trim\" style=\"padding-left:78px\">Jardins &amp; Bassins, domicili\u00e9e \u00e0 Charly (Rh\u00f4ne, \u00e0 20 km au sud-ouest de Lyon) et g\u00e9r\u00e9e par St\u00e9phane MARTIN, am\u00e9nage et entretient votre jardin depuis 2007.<\/p>\n<p>Notre client\u00e8le se compose de particuliers, copropri\u00e9t\u00e9s, lotissements, maisons de retraite, entreprises, r\u00e9gies d\u2019immeubles. Nous proposons contrats annuels ou des chantiers ponctuels.<\/div><\/div><\/div><\/div>\n<div class=\"su-column su-column-size-2-3\"><div class=\"su-column-inner su-u-clearfix su-u-trim\"><div class=\"su-service\"><div class=\"su-service-title\" style=\"padding-left:78px;min-height:64px;line-height:64px\"><i class=\"sui sui-star-o\" style=\"font-size:64px;color:#31462a\"><\/i> St\u00e9phane Martin, un passionn\u00e9 de jardin<\/div><div class=\"su-service-content su-u-clearfix su-u-trim\" style=\"padding-left:78px\"><img loading=\"lazy\" decoding=\"async\" class=\"alignleft\" src=\"http:\/\/jardinsetbassins.com\/cms\/wp-content\/uploads\/2011\/03\/St\u00e9phane11-191x300-fond-vert.jpg\" alt=\"St\u00e9phane Martin\" width=\"147\" height=\"224\" \/>A l&rsquo;\u00e2ge de 38 ans, apr\u00e8s plusieurs ann\u00e9es pass\u00e9es dans un autre monde professionnel, j&rsquo;ai d\u00e9cid\u00e9 de me reconvertir dans un domaine qui m&rsquo;a toujours passionn\u00e9 qui est celui des jardins ; ceux-ci peuvent \u00eatre model\u00e9s et remodel\u00e9s \u00e0 l&rsquo;infini, avec de nouvelles id\u00e9es et astuces.<\/p>\n<p>Le milieu aquatique qui vient le compl\u00e9ter est \u00e9galement une voie de pr\u00e9dilection, constituant tout un monde \u00e0 part enti\u00e8re.<\/p>\n<p>Apr\u00e8s une formation au Centre de formation et de promotion horticole (CFPH) \u00e0 Ecully (Rh\u00f4ne) enrichie d&rsquo;une exp\u00e9rience professionnelle dans une grande entreprise du paysage de la r\u00e9gion, j&rsquo;ai cr\u00e9\u00e9 mon entreprise en 2007.<\/div><\/div><\/div><\/div><\/div>\n<div class=\"su-service\"><div class=\"su-service-title\" style=\"padding-left:78px;min-height:64px;line-height:64px\"><i class=\"sui sui-arrow-circle-right\" style=\"font-size:64px;color:#31462a\"><\/i> Nos domaines d'intervention<\/div><div class=\"su-service-content su-u-clearfix su-u-trim\" style=\"padding-left:78px\">\n<div class=\"su-row\">\n<div class=\"su-column su-column-size-1-2\"><div class=\"su-column-inner su-u-clearfix su-u-trim\"><div class=\"su-box su-box-style-default\" id=\"\" style=\"border-color:#001300;border-radius:3px;max-width:none\"><div class=\"su-box-title\" style=\"background-color:#31462a;color:#FFFFFF;border-top-left-radius:1px;border-top-right-radius:1px\">La cr\u00e9ation et l\u2019am\u00e9nagement paysager<\/div><div class=\"su-box-content su-u-clearfix su-u-trim\" style=\"border-bottom-left-radius:1px;border-bottom-right-radius:1px\">\nA partir d\u2019une \u00e9tude de conception englobant vos souhaits et d\u2019un devis d\u00e9taill\u00e9, nous r\u00e9alisons la cr\u00e9ation compl\u00e8te de votre jardin ou un chantier particulier : bassins et pi\u00e8ces d\u2019eau, plantations, engazonnement, gazon en plaques, massifs, cl\u00f4tures, pavages, dallages, murets, escaliers, circulations, bordures, terrassement,&#8230;<\/p>\n<div class=\"su-button-center\"><a href=\"http:\/\/jardinsetbassins.com\/cms\/realisations\/\" class=\"su-button su-button-style-default su-button-wide\" style=\"color:#FFFFFF;background-color:#31462a;border-color:#283822;border-radius:5px\" target=\"_self\"><span style=\"color:#FFFFFF;padding:6px 16px;font-size:13px;line-height:20px;border-color:#6f7e6a;border-radius:5px;text-shadow:none\"><i class=\"sui sui-empire\" style=\"font-size:13px;color:#FFFFFF\"><\/i> Nos r\u00e9alisations<\/span><\/a><\/div>\n<a href=\"http:\/\/jardinsetbassins.com\/cms\/realisations\/\"><img loading=\"lazy\" decoding=\"async\" class=\"aligncenter wp-image-49 size-medium\" title=\"R\u00e9alisation 8 Apr\u00e8s\" src=\"http:\/\/jardinsetbassins.com\/cms\/wp-content\/uploads\/2011\/02\/R\u00e9alisation-8-Apr\u00e8s-300x225.jpg\" alt=\"\" width=\"300\" height=\"225\" srcset=\"http:\/\/jardinsetbassins.com\/cms\/wp-content\/uploads\/2011\/02\/R\u00e9alisation-8-Apr\u00e8s-300x225.jpg 300w, http:\/\/jardinsetbassins.com\/cms\/wp-content\/uploads\/2011\/02\/R\u00e9alisation-8-Apr\u00e8s.jpg 1024w\" sizes=\"auto, (max-width: 300px) 100vw, 300px\" \/><\/a><\/div><\/div><\/div><\/div>\n<div class=\"su-column su-column-size-1-2\"><div class=\"su-column-inner su-u-clearfix su-u-trim\"><div class=\"su-box su-box-style-default\" id=\"\" style=\"border-color:#001300;border-radius:3px;max-width:none\"><div class=\"su-box-title\" style=\"background-color:#31462a;color:#FFFFFF;border-top-left-radius:1px;border-top-right-radius:1px\">L'entretien<\/div><div class=\"su-box-content su-u-clearfix su-u-trim\" style=\"border-bottom-left-radius:1px;border-bottom-right-radius:1px\">\nNous ex\u00e9cutons tous travaux d\u2019entretien : tonte, d\u00e9broussaillage, fauchage, petit \u00e9lagage, abattage, taille arbustes et arbres fruitiers, d\u00e9sherbage, massifs&#8230;<\/p>\n<p>Jardins &amp; Bassins est agr\u00e9\u00e9 par le minist\u00e8re de l\u2019agriculture pour effectuer des activit\u00e9s d\u2019application de produits antiparasitaires (agr\u00e9ment n\u00b0 RH01400). Contre les diff\u00e9rents ravageurs, notre volont\u00e9 est de combiner <em>lutte int\u00e9gr\u00e9e<\/em> (lutte qui r\u00e9unit les actions biologiques, m\u00e9caniques et phytosanitaires lorsque les deux premi\u00e8res ne suffisent pas) et <em>lutte raisonn\u00e9e<\/em>, c&rsquo;est-\u00e0-dire d\u2019utiliser les produits phytosanitaires, quand il est de besoin, avec parcimonie et dans le strict respect de leurs conditions d\u2019utilisation.<\/div><\/div><\/div><\/div>\n<\/div><\/div><\/div>\n","protected":false},"excerpt":{"rendered":"<p> &hellip; <a class=\"more-link\" href=\"http:\/\/jardinsetbassins.com\/cms\/\">Lire la suite \u2192<\/a><\/p>\n","protected":false},"author":3,"featured_media":0,"parent":0,"menu_order":0,"comment_status":"closed","ping_status":"open","template":"","meta":{"ngg_post_thumbnail":0,"footnotes":""},"class_list":["post-2","page","type-page","status-publish","hentry"],"_links":{"self":[{"href":"http:\/\/jardinsetbassins.com\/cms\/wp-json\/wp\/v2\/pages\/2","targetHints":{"allow":["GET"]}}],"collection":[{"href":"http:\/\/jardinsetbassins.com\/cms\/wp-json\/wp\/v2\/pages"}],"about":[{"href":"http:\/\/jardinsetbassins.com\/cms\/wp-json\/wp\/v2\/types\/page"}],"author":[{"embeddable":true,"href":"http:\/\/jardinsetbassins.com\/cms\/wp-json\/wp\/v2\/users\/3"}],"replies":[{"embeddable":true,"href":"http:\/\/jardinsetbassins.com\/cms\/wp-json\/wp\/v2\/comments?post=2"}],"version-history":[{"count":72,"href":"http:\/\/jardinsetbassins.com\/cms\/wp-json\/wp\/v2\/pages\/2\/revisions"}],"predecessor-version":[{"id":524,"href":"http:\/\/jardinsetbassins.com\/cms\/wp-json\/wp\/v2\/pages\/2\/revisions\/524"}],"wp:attachment":[{"href":"http:\/\/jardinsetbassins.com\/cms\/wp-json\/wp\/v2\/media?parent=2"}],"curies":[{"name":"wp","href":"https:\/\/api.w.org\/{rel}","templated":true}]}}